{"id":742,"date":"2017-03-20T01:57:25","date_gmt":"2017-03-20T01:57:25","guid":{"rendered":"https:\/\/demo.alura-studio.com\/umbala\/?page_id=742"},"modified":"2022-06-13T22:15:10","modified_gmt":"2022-06-13T22:15:10","slug":"about-us","status":"publish","type":"page","link":"https:\/\/pormudanza.com\/?page_id=742","title":{"rendered":"Nosotros"},"content":{"rendered":"<p>[vc_row][vc_column][vc_column_text][\/vc_column_text][vc_zigzag][vc_column_text]<\/p>\n<h2><em><strong>FAQ\u00b4s<\/strong><\/em><\/h2>\n<p>[\/vc_column_text][\/vc_column][\/vc_row][vc_row][vc_column][vc_tta_accordion][vc_tta_section title=&#8221;\u00bfQu\u00e9 pasa si la vendedora no env\u00eda el paquete?&#8221; tab_id=&#8221;1654019929489-fc6691fe-ab86&#8243;][vc_column_text]La vendedora tendr\u00e1 5 d\u00edas h\u00e1biles para enviarlo; de no hacerlo en el d\u00eda sexto h\u00e1bil se cancela la gu\u00eda de env\u00edo y te regresamos el total de tu compra m\u00e1s los gastos de env\u00edo.[\/vc_column_text][\/vc_tta_section][vc_tta_section title=&#8221;\u00bfPuedo hacer una devoluci\u00f3n?&#8221; tab_id=&#8221;1654020120816-3fbb0a62-32e1&#8243;][vc_column_text]Una vez que recibas tu art\u00edculo, tendr\u00e1s 48 Hrs. para realizar un reporte en dado caso que haya un problema. Nuestro equipo analizar\u00e1 la situaci\u00f3n y si tu reporte es aceptado, te enviaremos una gu\u00eda para proseguir a la devoluci\u00f3n del art\u00edculo. Tendr\u00e1s 3 d\u00edas h\u00e1biles para realizar la devoluci\u00f3n y, una vez que la vendedora lo tenga de regreso, se realizar\u00e1 la devoluci\u00f3n de tu dinero.\u00a0<strong>*Recuerda realizar el reporte en el plazo establecido; una vez vencido el mismo no se podr\u00e1 realizar.<\/strong>[\/vc_column_text][\/vc_tta_section][vc_tta_section title=&#8221;\u00bfCu\u00e1l es el costo de la devoluci\u00f3n?&#8221; tab_id=&#8221;1654020305395-82dd1f12-a2fe&#8221;][vc_column_text]La devoluci\u00f3n tiene un costo de 200 pesos (costo real de las gu\u00edas) que pagar\u00e1 la vendedora si:<\/p>\n<ul>\n<li>El producto que vendi\u00f3 est\u00e1 roto, da\u00f1ado o tiene detalles que no fueron mencionados en la publicaci\u00f3n.<\/li>\n<li>La prenda que vendi\u00f3 no es de la talla anunciada en la publicaci\u00f3n.<\/li>\n<li>El producto no es original.<\/li>\n<li>El producto no es de la publicaci\u00f3n original y ha enviado otra cosa.<\/li>\n<\/ul>\n<p>[\/vc_column_text][\/vc_tta_section][vc_tta_section title=&#8221;\u00bfSe pueden realizar devoluciones?&#8221; tab_id=&#8221;1654020722196-83291e80-e2f5&#8243;][vc_column_text]Antes de realizar una compra, debes asegurarte de que el producto cumple con todas tus expectativas para formar parte de tu closet ya que NO se aceptan devoluciones si el producto cumple con lo descrito en la publicaci\u00f3n.<\/p>\n<p>Te recomendamos preguntar todas tus dudas antes de hacer la compra. Si el producto est\u00e1 roto o da\u00f1ado (rasgado, descarapelado, rayado, manchado de gravedad, etc.) y la vendedora no lo anunci\u00f3 en su publicaci\u00f3n, puedes abrir un reporte para devoluci\u00f3n. Los reportes por devoluci\u00f3n de producto pueden tardar hasta 7 d\u00edas para evaluar el caso, contactar a ambas partes (compradora\/vendedora), mediar la situaci\u00f3n y ofrecer soluciones imparciales.[\/vc_column_text][\/vc_tta_section][vc_tta_section title=&#8221;\u00bfEs seguro comprar?&#8221; tab_id=&#8221;1654020765695-d6578197-3eff&#8221;][vc_column_text]Es totalmente seguro comprar en labels.com.mx; las ganancias de tu compra no se entregar\u00e1n a la vendedora hasta 72 Hrs. despu\u00e9s de que se confirme la recepci\u00f3n del paquete (esto si no se genera un reporte por alg\u00fan problema).<\/p>\n<p>Si el estado del producto o la talla descrita en el cat\u00e1logo no coincide con lo que recibes la devoluci\u00f3n es GRATIS.[\/vc_column_text][\/vc_tta_section][vc_tta_section title=&#8221;\u00bfQu\u00e9 comisi\u00f3n cobran?&#8221; tab_id=&#8221;1654020810763-d5a86405-687d&#8221;][vc_column_text]Si compras o vendes un art\u00edculo, utilizas nuestro sistema de pago integrado. Al vendedor, se la cargar\u00e1 18% de comisi\u00f3n (Impuestos no incluidos) del precio fijado. La tarifa de comisi\u00f3n ser\u00e1 deducida del valor de venta del art\u00edculo del vendedor e incluye los costos por pago de los servicios + el costo por el uso de la plataforma Labels.[\/vc_column_text][\/vc_tta_section][vc_tta_section title=&#8221;\u00bfC\u00f3mo funciona el env\u00edo?&#8221; tab_id=&#8221;1654020843965-14758d41-f056&#8243;][vc_column_text]ESTAFETA. Las compradoras pagar\u00e1n el env\u00edo en la suma al precio del art\u00edculo dependiendo de la ubicaci\u00f3n de entrega.<\/p>\n<p>Las compradoras pagar\u00e1n por el env\u00edo v\u00eda LABELS en precio \u00fanico de $195.00 sea cual sea el tama\u00f1o del paquete. NO debe de superar los 3Kg y la suma de alto + profundidad NO debe superar los 90cm.[\/vc_column_text][\/vc_tta_section][\/vc_tta_accordion][\/vc_column][\/vc_row]<\/p>\n","protected":false},"excerpt":{"rendered":"<p>[vc_row][vc_column][vc_column_text][\/vc_column_text][vc_zigzag][vc_column_text] FAQ\u00b4s [\/vc_column_text][\/vc_column][\/vc_row][vc_row][vc_column][vc_tta_accordion][vc_tta_section title=&#8221;\u00bfQu\u00e9 pasa si la vendedora no env\u00eda el paquete?&#8221; tab_id=&#8221;1654019929489-fc6691fe-ab86&#8243;][vc_column_text]La vendedora tendr\u00e1 5 d\u00edas h\u00e1biles para enviarlo; de no hacerlo en el d\u00eda sexto h\u00e1bil se cancela la gu\u00eda de env\u00edo y te regresamos el total de tu compra m\u00e1s los gastos de env\u00edo.[\/vc_column_text][\/vc_tta_section][vc_tta_section title=&#8221;\u00bfPuedo hacer una devoluci\u00f3n?&#8221; tab_id=&#8221;1654020120816-3fbb0a62-32e1&#8243;][vc_column_text]Una vez que recibas [&hellip;]<\/p>\n","protected":false},"author":1,"featured_media":0,"parent":0,"menu_order":0,"comment_status":"closed","ping_status":"closed","template":"","meta":{"footnotes":""},"class_list":["post-742","page","type-page","status-publish","hentry"],"acf":[],"_links":{"self":[{"href":"https:\/\/pormudanza.com\/index.php?rest_route=\/wp\/v2\/pages\/742","targetHints":{"allow":["GET"]}}],"collection":[{"href":"https:\/\/pormudanza.com\/index.php?rest_route=\/wp\/v2\/pages"}],"about":[{"href":"https:\/\/pormudanza.com\/index.php?rest_route=\/wp\/v2\/types\/page"}],"author":[{"embeddable":true,"href":"https:\/\/pormudanza.com\/index.php?rest_route=\/wp\/v2\/users\/1"}],"replies":[{"embeddable":true,"href":"https:\/\/pormudanza.com\/index.php?rest_route=%2Fwp%2Fv2%2Fcomments&post=742"}],"version-history":[{"count":9,"href":"https:\/\/pormudanza.com\/index.php?rest_route=\/wp\/v2\/pages\/742\/revisions"}],"predecessor-version":[{"id":10942,"href":"https:\/\/pormudanza.com\/index.php?rest_route=\/wp\/v2\/pages\/742\/revisions\/10942"}],"wp:attachment":[{"href":"https:\/\/pormudanza.com\/index.php?rest_route=%2Fwp%2Fv2%2Fmedia&parent=742"}],"curies":[{"name":"wp","href":"https:\/\/api.w.org\/{rel}","templated":true}]}}