{"id":9025,"date":"2021-07-28T17:55:29","date_gmt":"2021-07-28T22:55:29","guid":{"rendered":"https:\/\/pormudanza.com\/producto\/cinturon-gucci-2\/"},"modified":"2022-05-19T20:36:39","modified_gmt":"2022-05-19T20:36:39","slug":"cinturon-gucci-2","status":"publish","type":"product","link":"https:\/\/pormudanza.com\/?product=cinturon-gucci-2","title":{"rendered":"Cintur\u00f3n Gucci"},"content":{"rendered":"","protected":false},"excerpt":{"rendered":"<p>Cintur\u00f3n ancho en piel color caf\u00e9 claro.<br \/>\nCon hebilla en tono dorado.<br \/>\nTalla chica.<\/p>\n","protected":false},"featured_media":9023,"comment_status":"open","ping_status":"closed","template":"","meta":[],"product_cat":[32],"product_tag":[78],"class_list":{"0":"post-9025","1":"product","2":"type-product","3":"status-publish","4":"has-post-thumbnail","6":"product_cat-accesorios","7":"product_tag-cinturon","9":"first","10":"outofstock","11":"sale","12":"sold-individually","13":"shipping-taxable","14":"purchasable","15":"product-type-simple"},"acf":[],"_links":{"self":[{"href":"https:\/\/pormudanza.com\/index.php?rest_route=\/wp\/v2\/product\/9025","targetHints":{"allow":["GET"]}}],"collection":[{"href":"https:\/\/pormudanza.com\/index.php?rest_route=\/wp\/v2\/product"}],"about":[{"href":"https:\/\/pormudanza.com\/index.php?rest_route=\/wp\/v2\/types\/product"}],"replies":[{"embeddable":true,"href":"https:\/\/pormudanza.com\/index.php?rest_route=%2Fwp%2Fv2%2Fcomments&post=9025"}],"wp:featuredmedia":[{"embeddable":true,"href":"https:\/\/pormudanza.com\/index.php?rest_route=\/"}],"wp:attachment":[{"href":"https:\/\/pormudanza.com\/index.php?rest_route=%2Fwp%2Fv2%2Fmedia&parent=9025"}],"wp:term":[{"taxonomy":"product_cat","embeddable":true,"href":"https:\/\/pormudanza.com\/index.php?rest_route=%2Fwp%2Fv2%2Fproduct_cat&post=9025"},{"taxonomy":"product_tag","embeddable":true,"href":"https:\/\/pormudanza.com\/index.php?rest_route=%2Fwp%2Fv2%2Fproduct_tag&post=9025"}],"curies":[{"name":"wp","href":"https:\/\/api.w.org\/{rel}","templated":true}]}}